y be ((-4)/(-9))/((-4)/18). Let p(g) = -2018*g**3 - 4*g**2 - 13*g - 16. Is p(y) composite?
True
Suppose -t - 4*j - 3 - 10 = 0, j - 8 = -4*t. Is (-3 - -2775) + 15/t a composite number?
False
Suppose -3*f + 351383 = 5*w, 3*w - 7*w + 281136 = -5*f. Suppose -2*l = -13*l + w. Is l composite?
False
Let v(m) be the second derivative of m**4/12 + m**3/3 - 9*m**2/2 + 5*m. Let c be v(-7). Suppose -141 + c = -y. Is y a prime number?
False
Suppose -94*w = 67*w - 32*w - 529545. Is w composite?
True
Let n = 398823 + -148718. Is n composite?
True
Suppose -20*x - 6914 + 277954 = 0. Suppose -15495 = -31*s + x. Is s composite?
False
Let b(i) = i**2 + 60*i - 185. Let p be b(3). Let y(f) be the third derivative of 335*f**4/24 - f**3/2 - 2*f**2. Is y(p) composite?
True
Let t be (10/4)/(-5) - (-9033)/(-6). Let r = t - -4669. Is r prime?
True
Let j be (-66)/154 + 3/7. Suppose -2*a = -5*d + 28, j = -0*d + 3*d + 4*a + 4. Suppose -3*x + 1335 = 3*h, -2*h - 1363 = -5*h + d*x. Is h a prime number?
True
Let y = 79754 - 50271. Is y a composite number?
False
Let t(w) = -7*w + 59. Let g be t(8). Suppose 0 = -p + g*i + 2985, -2*p + i = -7718 + 1738. Is p a prime number?
False
Let d(p) = 137*p**3 - 13*p**2 + 18*p + 31. Is d(5) a prime number?
True
Let w(i) = 12*i + 9. Suppose -2 - 2 = -3*z - 4*n, -n = -4. Let f be w(z). Is (0 + -2 - -1)*(f - 14) prime?
True
Let n(u) = 2351*u**3 - 2*u**2 + 2*u - 3. Let r be n(2). Suppose -3*k + 0*w + r = 3*w, 4*w + 8 = 0. Suppose -1873 = -c + 4*s, -4*s - 1199 = -4*c + k. Is c prime?
False
Let j be (3/12)/(4/115568) - -1. Suppose 0 = 3*x - 40989 + j. Is x composite?
True
Suppose 0 = 4*s - 5*z - 247912, 2*s + 61978 = 3*s + 2*z. Suppose -186738 = -10*x - s. Let m = x - 8659. Is m a composite number?
True
Let h = 14 + -26. Let l = h - -19. Suppose l + 37 = 2*b. Is b composite?
True
Let i = 23000 - -27327. Is i prime?
False
Is -35*(-60)/105 + 1125479 prime?
True
Suppose -3*g + 15 = -4*f + 255, -5*g = -2*f + 120. Let k = 62 - f. Suppose 2*c - k*i - 34 - 84 = 0, -4*i = -3*c + 174. Is c a prime number?
False
Suppose -19*n - 51 = 25. Is ((-4 - -4) + -2)*9686/n prime?
False
Suppose -1564*p = -1627*p + 21754341. Is p prime?
True
Suppose -z - 2 = 1, 4*z - 300 = 4*m. Let q be ((-184)/(-12))/(-1)*m/(-4). Let x = q + 1150. Is x a composite number?
True
Let h = -233 + 237. Suppose 0 = -h*a + 1638 + 10910. Is a a prime number?
True
Suppose -3*x - 241206 = -4*l - 11851, -3*l + 2*x = -172015. Is l a composite number?
True
Suppose -4*h = 361 - 377. Suppose 2*j - 21495 = 27491. Suppose -h*w = -11*w + j. Is w composite?
False
Let u = -577701 - -1134988. Is u composite?
True
Suppose 5*z = h + 3*z - 864453, 0 = 5*h - 5*z - 4322230. Is h a prime number?
True
Is 1722/(-492)*129134/(-7) prime?
True
Let h = -400276 - -633915. Is h a composite number?
True
Suppose 8*p = -4*p - 36. Let n be ((42/8)/p)/((-7)/2324). Suppose 2*r = 257 + n. Is r prime?
True
Let d(h) = -192*h**3 + 3*h - 8. Let s be d(-4). Suppose -5*p + 5257 = -s. Is p composite?
True
Is 70/(-50) + 2 - (83901/(-15) - -3) a composite number?
False
Suppose 6*n + 572184 = 4*l + 10*n, -2*n = 5*l - 715251. Is l a composite number?
False
Suppose -8*k + 4*k - 96 = 0. Let c = 599 + -252. Let p = c - k. Is p a composite number?
True
Let a(r) = -2546*r + 83. Let x be a(-4). Suppose -7*g = -6736 - x. Is g a composite number?
True
Let c(d) = 10*d - 7. Let z be c(1). Suppose z*t + 2317 = 10*t. Is t composite?
False
Suppose 15*y = 4*y + 132. Suppose 40*q - 37*q + y = 0. Is 0 - q - -1*229 prime?
True
Let w(x) = -15707*x + 932. Is w(-5) prime?
False
Let c = 8369482 - 352215. Is c composite?
False
Suppose w - 3*j + 202 = 3*w, -5*j - 322 = -3*w. Let d = w + -100. Is 439*d/(5 - 1) + 4 a composite number?
False
Suppose -6*j - 1224316 = -31*j - 376841. Is j a composite number?
True
Suppose -10255 = 17*h - 400031. Is h/6 + (-5 - (-14)/3) a prime number?
True
Let f be (-2)/(26/10 - 3). Suppose -2*y - 5*s = -3506, -5237 = -0*y - 3*y - 2*s. Suppose f*t + 2*t = y. Is t prime?
False
Suppose 23497 = h - 3*k - 36, -94132 = -4*h + 3*k. Is h prime?
False
Let x = 321746 - 216447. Is x composite?
True
Let f(y) be the first derivative of y**3 - y**2 - 38*y + 38. Is f(18) composite?
True
Is (71 - 65)/(30/627535) a composite number?
False
Let t(m) = 13*m**3 + 2*m**2 + m - 1. Let p be t(1). Suppose -1190 = -p*y + y. Is y composite?
True
Let o be (0/(-2))/((-2)/4*-8). Is 66/(-1)*(o - 220) + -1 prime?
True
Suppose -322123 = -3*w - r, -420*w - 536845 = -425*w - 5*r. Is w composite?
False
Let g = 14201 + -9378. Suppose 2*o + 3*l + g = 4*o, -4*o - 5*l = -9657. Is o a composite number?
True
Suppose 11*q = 5 + 28. Suppose c = -2*t + q*t + 797, 3*t + 3985 = 5*c. Is c a prime number?
True
Let g = 952206 - 520540. Is g a prime number?
False
Is -30 + 29 - (-14)/6 - 1167175/(-15) a composite number?
False
Suppose 2*q + 2628852 = 397*w - 393*w, -5*q + 2628796 = 4*w. Is w a composite number?
True
Let c be (6/4)/(9/18). Let q = -29 - -31. Is (c - (q + -6))*293 composite?
True
Let g(i) = 35*i**2 + 18*i - 10. Let y(f) = -70*f**2 - 37*f + 21. Let m(v) = 5*g(v) + 2*y(v). Let a = -8714 + 8721. Is m(a) composite?
True
Let k be (-5)/(-15)*9 + (3 - 0). Let b be (-2)/1 - (k/(-2) + -4). Suppose -2*f = 5*w - 2383, -5*f + 2559 + 3381 = -b*w. Is f a prime number?
False
Suppose -5*w + 5*n + 8174 = -61841, 69961 = 5*w + 4*n. Is w a composite number?
False
Is 3/6*(1143932/(-7))/((-34)/119) composite?
False
Suppose 384114 = 5*j + o, -2*j - 2*o - 76825 = -3*j. Is j a composite number?
True
Let w(k) = -4*k + 4. Let z be w(0). Suppose -3*t + 325 = -2*y, -128 - 312 = -z*t + 4*y. Suppose -49 = -2*d + t. Is d a prime number?
False
Let x = 61 + -58. Let q be 3*17 + (-2 + x - 1). Let i = 242 - q. Is i prime?
True
Let h be 7/21 + 3965/3. Suppose 5569 = 5*g - 3*a, 0 = -g + a - 209 + h. Is g a composite number?
True
Let s = 318889 + -200502. Is s a composite number?
False
Let u be -2 + 18/8 - 5/20. Let w(v) = -3*v + v**3 + 6*v**2 - 3*v**2 - 17 + u*v**2 + 11*v**2. Is w(-12) composite?
False
Is 271964 + 13 + 5 - (-1 - 0 - 4) a composite number?
True
Suppose 0 = -111*a + 106*a - 5. Is (3 - 2)*a*-35353 a prime number?
True
Suppose 2*p - 9196 = -2*f + 6*f, 0 = 5*p. Let c be 2*-10*(-60)/100. Is c/18 + f/(-3) + 2 a composite number?
False
Is 136515 - ((-44)/20 + (-5)/(-25)) composite?
True
Suppose -3*n + 3*s = 3, -2*n - 10*s + 7*s + 13 = 0. Suppose -n*l + 2*k + 12238 = 0, 0 = 5*l - 0*k + 5*k - 30615. Is l prime?
True
Let c(h) = -2*h - 17. Let l be c(-16). Let s be 935/l + (-4)/3. Suppose 3*n + 54 = o - s, 5*n - 131 = -o. Is o a prime number?
False
Let q be (6/(-9) - (-615824)/120) + (-4)/20. Let z be 10039 + 0 + 0 + -1. Let n = z - q. Is n prime?
False
Suppose 2*v - 4*u - 29 = 5*v, 0 = 3*u + 6. Let i be -12 + 3/v + 9/21. Is 4*(-1 - 13653/i) composite?
False
Suppose 5*a = 3*a + 340. Suppose p + 3*y = -105, 0 = -y + 2*y + 4. Let g = p + a. Is g a composite number?
True
Let l = 516 - 504. Suppose 24 - l = -4*c, 3*s = -2*c + 65103. Is s prime?
False
Let y = -108492 + 889141. Is y prime?
True
Let x be 238/22 + (-18)/(-99). Suppose x = -9*a + 119. Suppose 0 = w - a - 179. Is w prime?
True
Suppose -5*l = -20, -5*l - 9318 = -4*z + 13610. Is z a prime number?
True
Suppose 2*c = 0, -59060 + 421210 = 10*m - c. Is m a prime number?
False
Suppose -57*w + 62*w = 10. Suppose 50 - 46 = w*y. Suppose y*a - 2387 = -685. Is a a prime number?
False
Suppose 0 = -3*u - l - l - 6827, 0 = 3*u - 5*l + 6862. Let n = 1674 - u. Is n prime?
False
Suppose 9 = -4*q + 5*b - 3, 5*q + 5*b - 30 = 0. Suppose 2*l - 5*l + 1495 = 2*k, -q*k - 501 = -l. Is l prime?
True
Let t = -13546 - -34095. Suppose 17*b = 192869 + t. Is b prime?
False
Suppose 2*t = 45 - 7. Is (t/(-76))/((-2)/7928) prime?
True
Let q be 21/3 + (5633 - -8). Let v = q - 3015. Is v a composite number?
False
Let k be (-9)/12*12/(-3). Suppose c - 3512 = -4*y, -3*y + c + 2629 = k*c. Suppose -13*m + 10*m = -y. Is m prime?
True
Let u be (2/4)/(5/(-140)). Suppose 48*k = 10*k - 228. Is k/(-14) + -380*32/u a prime number?
False
Let i(l) = -2320*l**3 - l**2 - 4*l - 2. Let g be (11/(-22))/((-3)/((-6)/1)). Is i(g) composite?
True
Let j(o) be the third derivative of o**5/30 + 5*o**4/24 - 5*o**3/3 - 2*o**2. Let r be j(-4). Is 3/12 + (14598/8 - r) prime?
True
Suppose 2*h + 24 + 3 = 